 j + 2. Let c be b(0). Suppose -5*k + 4*t = -7, c*k + 13 = -2*k - 3*t. Calculate v(k).
4
Let m = 28 + -17. Let l(r) = 1 - m*r**2 - 1 + 4*r + 13*r**2. Determine l(-3).
6
Let a(h) = 2*h**2 + h + h**2 + 2*h + 1. Let x be (-1)/2*(-4)/(-1). Let j be 0 + (4 - x)/(-3). Give a(j).
7
Let n(q) = -7*q. Let p(w) = -w**3 + 9*w**2 + 5*w + 12. Let s be p(9). Let r = s + -36. Let d(k) = 28*k. Let b(f) = r*n(f) + 5*d(f). What is b(1)?
-7
Let s be 22/6 - 2/3. Let x(y) = 2*y + 0 + 1 - s. Let r = 60 - 64. What is x(r)?
-10
Suppose 0 = 3*m + m - s - 1, 2*m + 3 = -3*s. Let h(u) = 7*u + 10. Let g(l) = 11*l + 15. Let d(r) = -5*g(r) + 8*h(r). What is d(m)?
5
Let z(d) = -3*d**2 - 12*d. Let u be z(-4). Let q(l) = l**3 + l**2 + l. Calculate q(u).
0
Let r be 1 - ((-2 - 0) + 24/9). Let q(g) be the first derivative of 0*g - 3 - r*g**3 + 0*g**2. Calculate q(0).
0
Let v(o) be the second derivative of 0 + 1/6*o**3 - 3/2*o**2 - 4*o. What is v(2)?
-1
Let i be (12 - 15)/(-1 + 0). Let l(n) = -3*n**2 - 15*n**3 - n + 16*n**i - 2*n - 5. Let q = 4 + 0. Give l(q).
-1
Let u(r) = -r + 7. Let x be u(11). Let b(n) = -2*n - 4. Suppose 3*t - 20 = -8. Let q(m) = 2*m + 4. Let i(p) = t*q(p) + 5*b(p). Determine i(x).
4
Suppose -h - 8 = 4*v - 4*h, -4*h + 14 = -2*v. Let k = v - 1. Suppose -4*a - a + 20 = k. Let c(q) = q**2 - 4*q. Determine c(a).
0
Suppose -4*u - 2*o = 22, 0 = -5*u + 2*o - 14 - 18. Let k(y) = -3*y - 3. What is k(u)?
15
Let x(c) = c**2 + 11*c + 11. Suppose 0 = 19*g - 9*g + 90. Give x(g).
-7
Let k(r) be the second derivative of -r**4/12 - r**3/2 + 5*r**2/2 - 104*r. Suppose -2*i = -5*i - 15. Calculate k(i).
-5
Let n(d) be the first derivative of d**4/4 + 2*d**3 - 4*d**2 + 4*d - 18. Calculate n(-7).
11
Let y(o) = -15*o + 25. Let c(z) = 8*z - 13. Let i(s) = 11*c(s) + 6*y(s). Give i(6).
-5
Let x(t) = -t**3 - 6*t**2 - 4*t. Suppose 3*v - 5 + 20 = 0. Determine x(v).
-5
Let n(p) = p + 3. Let m be -23*3/(-1) - -1. Suppose 0*k + m = -5*k. Let y = 9 + k. What is n(y)?
-2
Let z = 368 - 371. Let a(c) be the first derivative of c**2/2 - 3*c - 1. Give a(z).
-6
Let f = 5 + -8. Let g(q) = -q**2 - 3*q - 3. Determine g(f).
-3
Let k(a) = -2*a**2 + a + 2. Let w be k(2). Let t(d) be the third derivative of -d**4/24 - 2*d**3/3 - d**2. Determine t(w).
0
Let g(s) = -2*s - 6. Let r(l) = l**3 - 5*l**2 + 3*l. Suppose t - 3*w - 3 = 5, 2*w = -5*t + 23. Let d = t - 1. Let i be r(d). Give g(i).
2
Suppose 2*g - 2*h = 7*g - 25, 2*h = 5*g - 25. Let m be 1 + 3 - g/5. Let x(n) = -n**2 + n + 4. Calculate x(m).
-2
Let n(f) be the second derivative of -f**5/20 - 5*f**4/4 - f**3/6 - 13*f**2/2 - f. Let b be n(-15). Let j(c) = -c**3 + c**2 - 2*c + 3. Calculate j(b).
-5
Let y be (2/(-2) - -1)/(-2). Let o(a) = -2 + y*a + 1 + a. Let z = 18 + -20. Calculate o(z).
-3
Let m(c) = -2*c - 4. Let v(y) = 4*y**3 - 2*y**2 - 2*y. Suppose -2*s = s + 3. Let i be v(s). Give m(i).
4
Let y = 15 + -20. Let u(o) = -o**3 - 6*o**2 - 7*o - 7. Let l be u(y). Let z(r) = -r**3 + 3*r**2 + r + 1. Determine z(l).
4
Suppose -4*c = -c - 9. Let p(t) = -t**c + 3 - 3*t**2 - 3 + 3. Give p(-3).
3
Let p be -4 + (10 - (-1)/((-1)/4)). Let y(o) = o**2 - o + 2. Calculate y(p).
4
Let h(f) = -f + 6 - 8 + 3*f + 1. Let s be -4 + (-2)/(0 + -2). Let p = -1 - s. Give h(p).
3
Let l(p) = p + 4. Let c(i) = -i**2 + 16*i - 44. Let q be c(13). Calculate l(q).
-1
Let f be (-4)/44*75 + (-8)/44. Let w(d) = -2*d**3 - 19*d**2 + 14*d + 5. Let l(v) = v**3 + 9*v**2 - 7*v - 2. Let q(g) = 7*l(g) + 3*w(g). Calculate q(f).
1
Suppose -3*q + 0 = 6. Let p(g) be the third derivative of -g**5/60 + g**4/12 + g**3/3 - g**2. Calculate p(q).
-6
Let o = 7 + -2. Let w(t) be the third derivative of t**5/60 - t**4/8 - 7*t**3/6 - 4*t**2. Calculate w(o).
3
Let u(y) = 7*y**2 - 7*y + 3. Let h(f) = -15*f**2 + 14*f - 7. Let n(t) = -6*h(t) - 13*u(t). Give n(4).
15
Suppose -3*u = -3*m + 18, 3*u - 6 = -4*m - 2*u. Let x(a) = 5*a + m*a - 2*a - a. Determine x(1).
6
Let l(p) = -1 + 5*p**2 - 37*p + 2*p**2 + 38*p - p**2. Give l(1).
6
Let b be 6/3*(-1)/2. Let x(q) = -q**2 + q. Let s(m) = -4*m**2 + 6*m + 1. Let a(h) = -s(h) + 5*x(h). Let n(l) be the first derivative of a(l). Determine n(b).
1
Let y(i) be the third derivative of -i**6/120 + i**5/15 + i**4/6 + 2*i**3/3 + 13*i**2. Give y(5).
-1
Let s(x) = 5*x - 6*x - 2*x. Let h(m) = -m**3 - 2*m**2 - m. Let w be h(-2). Give s(w).
-6
Let w(c) = 2*c**2 - 3*c + 2. Suppose 4*x = -7 + 35. Suppose x*s - 3*s = 8. Determine w(s).
4
Let w(t) = 2*t**2 + t - 5. Let o be w(-3). Let u(n) = -n**2 + 10*n + 7. Calculate u(o).
7
Let i(q) = -q**3 + 3*q**2 - q - 1. Let a = -15 + 31. Suppose -a = y - 4*o - 2, 4*y - 3*o = -56. Let u be (-38)/(-14) + (-4)/y. Calculate i(u).
-4
Let z(s) = -s + 2. Let n(l) = 2*l**2 + 4*l. Let o be n(-3). What is z(o)?
-4
Let m(w) = -w + 7. Suppose 0 = 5*v - 25. Let y be m(v). Let n(g) = 4*g - g**y - 2*g + 0*g + 0*g. Calculate n(4).
-8
Let i(t) = t**2 + 2*t + 3. Suppose 0 = 7*a - 6*a. Suppose -2*x = -a*v - 2*v, 6 = -2*v. What is i(x)?
6
Let p be (-6)/(-5)*1*5. Suppose -5*r + 19 = 3*w, p = 4*w + 3*r - 1. Let s(y) be the first derivative of y**4/4 + y**3 + y**2 + y - 1. Give s(w).
1
Let g(z) = 3*z + 1. Suppose f - 6 = -5*y, -5*f - 4*y = -10*f - 115. Let w = f + 21. Calculate g(w).
7
Let q(c) = -c - 9. Let r = 24 + -29. What is q(r)?
-4
Let a(u) be the third derivative of u**4/12 - 2*u**3/3 + u**2. Let g = -3 + 6. Determine a(g).
2
Let k(b) be the third derivative of -b**4/24 - 11*b**3/6 - b**2. Determine k(0).
-11
Let w(b) = -2*b + 7. Suppose 5*j + 2*g = -2, -3*j - 3*g = j - 4. Let d be (3 + j)/((-2)/(-10)). What is w(d)?
-3
Let b(y) = y - 2. Let n(d) = -d. Let q(s) = b(s) - 4*n(s). Calculate q(4).
18
Suppose 11 - 1 = 5*x. Let a(o) = -4*o + 2*o**x - o**2 + 4 + o. Let m be (-24)/(-10) - (2 - (-26)/(-10)). Determine a(m).
4
Suppose 3*r + 15 = -0*r. Let d(w) = -6*w**2 + w - 5. Let a(c) = c**2 + 1. Let x(l) = r*a(l) - d(l). Determine x(2).
2
Let l(j) = 2*j - 3. Let c be 0/1 - 20/4. Let b be (3 - 2) + (-4 - c). Calculate l(b).
1
Suppose -4 - 4 = -2*w - 4*a, 3*w + 3*a = 9. Let y(g) = -g**3 - 2*g + 3. Determine y(w).
-9
Let h(a) = 4*a + 2. Let z(s) = -s. Let f(j) = h(j) + 3*z(j). Determine f(0).
2
Let j(a) = -83*a**2 - 3 - 7*a + 43*a**2 + 42*a**2. Give j(6).
27
Suppose 0 = 4*c + 4*z + 1 - 13, -4*c + z = -12. Let y(s) = -s**3 + 4*s**2 - 3*s + 4. Let k be y(c). Let n(u) = u**3 - 4*u**2 + u - 4. Give n(k).
0
Suppose 5*m + 19 + 1 = 0. Let l(w) = w**3 + 6*w**2 + 6*w + 5. Calculate l(m).
13
Let z(i) = 2*i**3 + 7*i**2 - 5*i - 9. Let x(c) = 3*c**3 + 10*c**2 - 8*c - 13. Let h(d) = -5*x(d) + 7*z(d). What is h(-3)?
5
Suppose 5*a - 1 = -4*o, 3*a = o + 1 + 3. Let r(y) = -3*y + 1. Calculate r(o).
4
Suppose -3*v - 5 = 7. Let f(m) be the first derivative of -m**4/4 - 5*m**3/3 - 3*m**2/2 + 2*m - 2. Give f(v).
-2
Let a(p) = 2*p**3 + 2*p**2 - 2*p + 1. Suppose 4*j + 3*m - 31 = 0, 7 - 32 = -5*m. Let y be (7 + 1)/(j - 2). Suppose -l = y - 5. Calculate a(l).
3
Let b(a) = -4*a**2 + 1 - a + a**3 + 2 - a + 0*a**3. Calculate b(4).
-5
Let k(m) be the second derivative of m**5/20 - m**4/12 - 19*m**2/2 + 2*m. Give k(0).
-19
Suppose 5*x + 3*t + 45 = t, x = -2*t - 1. Let w(n) = 6*n**3 + 4*n**2 + 10*n + 14. Let d(u) = -u**3 - u**2 - 2*u - 3. Let z(p) = x*d(p) - 2*w(p). What is z(4)?
-3
Let o(h) = -h - 5. Suppose -20 = 5*y + 4*c, -4*y - 5*c - 17 = -1. Determine o(y).
-1
Let y(n) = n. Let i = -18 - -23. Suppose -i*p + 15 = 0, -t - 2 + 10 = 3*p. Give y(t).
-1
Let w be ((-4)/14)/((-4 + 2)/28). Let s(q) = 3*q - 1. Calculate s(w).
11
Let p(b) be the third derivative of -b**4/24 - 5*b**3/6 + 2*b**2. Give p(-6).
1
Let v(u) = u**2 - 7*u - 4. Suppose 2*k - 6*k + 2*b + 26 = 0, 12 = 4*b. What is v(k)?
4
Let n(o) = o - 1. Let f(w) = -5*w + 5. Let a(s) = 2*f(s) + 9*n(s). Suppose -1 = -32*y + 31*y. Determine a(y).
0
Let o(m) = m**3 - 2*m**2 - 2*m + 2. Let v = 0 - 3. Let b = 5 - v. Suppose 5*t - b = 2. What is o(t)?
-2
Let a be (-22)/(-4) + 6/(-4). Suppose 2*u - 18 = 4*y, 4*y = -2*u - 3 - 3. Let g(k) = 3*k**2 - 2 + k**2 + 0*k**2 - k**u. Determine g(a).
-2
Let r be 8/(-4)*(-4 + 1). Let k(v) = -v**2 + 9*v - 7. Give k(r).
11
Let m(l) = l + 6. Let z be 20/(-3) - 4/(-6). Let u(g) = -g**3 - 7*g**2 - 4*g + 7. Let i be u(z). Let d be m(i). Let c(s) = 6*s**2 - 1. Determine c(d).
5
Let a(m) = m**3 - 4*m**2 + 5*m - 2. Suppose 0 